git of 31132054?
5
What is the hundreds digit of 1864869946?
9
What is the hundred millions digit of 1867362620?
8
What is the hundreds digit of 319357143?
1
What is the hundreds digit of 440326086?
0
What is the hundred millions digit of 1088053061?
0
What is the ten millions digit of 183981129?
8
What is the units digit of 23377043?
3
What is the ten thousands digit of 119788476?
8
What is the millions digit of 16587460?
6
What is the units digit of 1010252925?
5
What is the hundred millions digit of 452413274?
4
What is the thousands digit of 230358144?
8
What is the millions digit of 875976018?
5
What is the ten thousands digit of 173678329?
7
What is the hundred thousands digit of 152432311?
4
What is the tens digit of 678756378?
7
What is the hundreds digit of 404117505?
5
What is the hundred millions digit of 1093528263?
0
What is the tens digit of 18741678?
7
What is the hundred millions digit of 1520891750?
5
What is the thousands digit of 1305574518?
4
What is the hundred thousands digit of 2710183142?
1
What is the tens digit of 50993301?
0
What is the hundreds digit of 844882040?
0
What is the ten thousands digit of 132411003?
1
What is the tens digit of 1648871196?
9
What is the tens digit of 695335458?
5
What is the billions digit of 2407338530?
2
What is the tens digit of 48483261?
6
What is the ten millions digit of 1838014763?
3
What is the thousands digit of 4133352032?
2
What is the hundred millions digit of 446645273?
4
What is the ten millions digit of 187939504?
8
What is the thousands digit of 962925655?
5
What is the tens digit of 431243991?
9
What is the hundreds digit of 192974441?
4
What is the ten thousands digit of 23747286?
4
What is the billions digit of 1202417777?
1
What is the thousands digit of 613501919?
1
What is the hundreds digit of 1098818581?
5
What is the ten millions digit of 6550275948?
5
What is the millions digit of 41073602?
1
What is the thousands digit of 2873303?
3
What is the hundred thousands digit of 14239737?
2
What is the hundreds digit of 265791728?
7
What is the hundreds digit of 1384074287?
2
What is the ten millions digit of 2465073778?
6
What is the ten thousands digit of 50588952?
8
What is the units digit of 3885872370?
0
What is the thousands digit of 1246445782?
5
What is the ten millions digit of 197650944?
9
What is the thousands digit of 1103046880?
6
What is the ten thousands digit of 1051982643?
8
What is the tens digit of 309467135?
3
What is the hundreds digit of 74130129?
1
What is the units digit of 50033291?
1
What is the ten thousands digit of 1058258308?
5
What is the hundred thousands digit of 96546645?
5
What is the hundreds digit of 854331420?
4
What is the hundreds digit of 27508520?
5
What is the millions digit of 896649385?
6
What is the thousands digit of 685157200?
7
What is the units digit of 246664419?
9
What is the ten millions digit of 6197764565?
9
What is the hundreds digit of 78839988?
9
What is the units digit of 15361351?
1
What is the ten millions digit of 10274921?
1
What is the units digit of 798052?
2
What is the hundreds digit of 35473471?
4
What is the hundred thousands digit of 1175058389?
0
What is the ten thousands digit of 24407343?
0
What is the ten thousands digit of 628054649?
5
What is the hundred thousands digit of 1794008316?
0
What is the hundred thousands digit of 282297147?
2
What is the tens digit of 846413338?
3
What is the ten thousands digit of 1063736072?
3
What is the ten millions digit of 2112352678?
1
What is the hundreds digit of 56712748?
7
What is the ten millions digit of 169814463?
6
What is the hundred thousands digit of 31701281?
7
What is the units digit of 27484025?
5
What is the thousands digit of 1407510867?
0
What is the ten millions digit of 101523214?
0
What is the units digit of 1350175367?
7
What is the hundred millions digit of 292161385?
2
What is the hundreds digit of 895992059?
0
What is the ten millions digit of 1842598942?
4
What is the ten thousands digit of 710459094?
5
What is the tens digit of 3133535603?
0
What is the tens digit of 132461993?
9
What is the millions digit of 19404118?
9
What is the hundred thousands digit of 427825594?
8
What is the hundred thousands digit of 1154745438?
7
What is the thousands digit of 51008851?
8
What is the tens digit of 5174693276?
7
What is the millions digit of 610289433?
0
What is the thousands digit of 368044162?
4
What is the ten thousands digit of 376268758?
6
What is the hundreds digit of 2636790513?
5
What is the ten thousands digit of 13483326?
8
What is the hundreds digit of 164716932?
9
What is the ten millions digit of 249611835?
4
What is the units digit of 32843832?
2
What is the tens digit of 6599294609?
0
What is the hundred thousands digit of 3060500923?
5
What is the tens digit of 948141352?
5
What is the ten thousands digit of 1797496332?
9
What is the hundred thousands digit of 87062810?
0
What is the ten thousands digit of 1795130602?
3
What is the ten millions digit of 1442840069?
4
What is the hundred thousands digit of 191794475?
7
What is the units digit of 143088540?
0
What is the hundreds digit of 334460606?
6
What is the millions digit of 44451613?
4
What is the hundreds digit of 24205862?
8
What is the hundreds digit of 51531072?
0
What is the thousands digit of 61327499?
7
What is the hundred thousands digit of 692968034?
9
What is the hundred millions digit of 2759233452?
7
What is the ten thousands digit of 7719960?
1
What is the hundred millions digit of 514153315?
5
What is the units digit of 758869343?
3
What is the thousands digit of 85041369?
1
What is the units digit of 35568989?
9
What is the millions digit of 488717327?
8
What is the hundred millions digit of 131682662?
1
What is the millions digit of 15250902?
5
What is the hundred millions digit of 179490734?
1
What is the tens digit of 30603643?
4
What is the hundred thousands digit of 1290601215?
6
What is the ten thousands digit of 32333808?
3
What is the hundred millions digit of 1103179679?
1
What is the tens digit of 265802962?
6
What is the hundreds digit of 904762870?
8
What is the ten thousands digit of 2486200641?
0
What is the thousands digit of 48385679?
5
What is the hundreds digit of 1668480096?
0
What is the units digit of 56288816?
6
What is the thousands digit of 94339654?
9
What is the units digit of 357077193?
3
What is the hundred thousands digit of 218536785?
5
What is the ten thousands digit of 423729290?
2
What is the hundreds digit of 42466878?
8
What is the hundred thousands digit of 228541803?
5
What is the billions digit of 3473016876?
3
What is the thousands digit of 28911505?
1
What is the millions digit of 1440620018?
0
What is the ten thousands digit of 42162576?
6
What is the ten thousands digit of 1226254301?
5
What is the millions digit of 1277158311?
7
What is the millions digit of 103245753?
3
What is the thousands digit of 2293136641?
6
What is the units digit of 89935850?
0
What is the ten thousands digit of 4521397?
2
What is the ten millions digit of 4294554332?
9
What is the ten millions digit of 38534943?
3
What is the hundreds digit of 3093882294?
2
What is the tens digit of 9380874?
7
What is the ten thousands digit of 112951796?
5
What is the hundred thousands digit of 1128335809?
3
What is the tens digit of 879111398?
9
What is the hundred millions digit of 110075558?
1
What is the hundreds digit of 300121379?
3
What is the tens digit of 1005779595?
9
What is the hundred millions digit of 206229666?
2
What is the tens digit of 146482312?
1
What is the units digit of 413914401?
1
What is the billions digit of 4231204400?
4
What is the units digit of 21200728?
8
What is the hundreds digit of 31453099?
0
What is the ten millions digit of 383457182?
8
What is the tens digit of 22965149?
4
What is the hundred millions digit of 354755154?
3
What is the hundreds digit of 74180312?
3
What is the hundreds digit of 4928478?
4
What is the thousands digit of 28632326?
2
What is the units digit of 35417170?
0
What is the billions digit of 1443157119?
1
What is the thousands digit of 855938636?
8
What is the ten thousands digit of 76214267?
1
What is the hundreds digit of 204548010?
0
What is the hundred thousands digit of 81382131?
3
